{"version":"1.0","provider_name":"mitwilltextiles.com","provider_url":"https:\/\/mitwilltextiles.com\/fr\/","author_name":"Herve Francois","author_url":"https:\/\/mitwilltextiles.com\/fr\/author\/mediumvioletred-ostrich-829317-hostingersite-com\/","title":"Presse &amp; \u00e9v\u00e9nements | mitwilltextiles.com","type":"rich","width":600,"height":338,"html":"<blockquote class=\"wp-embedded-content\" data-secret=\"yfQkNiddaf\"><a href=\"https:\/\/mitwilltextiles.com\/fr\/presse-evenements\/\">Presse &amp; \u00e9v\u00e9nements<\/a><\/blockquote><iframe sandbox=\"allow-scripts\" security=\"restricted\" src=\"https:\/\/mitwilltextiles.com\/fr\/presse-evenements\/embed\/#?secret=yfQkNiddaf\" width=\"600\" height=\"338\" title=\"\u00ab\u00a0Presse &amp; \u00e9v\u00e9nements\u00a0\u00bb &#8212; mitwilltextiles.com\" data-secret=\"yfQkNiddaf\" frameborder=\"0\" marginwidth=\"0\" marginheight=\"0\" scrolling=\"no\" class=\"wp-embedded-content\"><\/iframe><script>\n\/*! This file is auto-generated *\/\n!function(d,l){\"use strict\";l.querySelector&&d.addEventListener&&\"undefined\"!=typeof URL&&(d.wp=d.wp||{},d.wp.receiveEmbedMessage||(d.wp.receiveEmbedMessage=function(e){var t=e.data;if((t||t.secret||t.message||t.value)&&!\/[^a-zA-Z0-9]\/.test(t.secret)){for(var s,r,n,a=l.querySelectorAll('iframe[data-secret=\"'+t.secret+'\"]'),o=l.querySelectorAll('blockquote[data-secret=\"'+t.secret+'\"]'),c=new RegExp(\"^https?:$\",\"i\"),i=0;i<o.length;i++)o[i].style.display=\"none\";for(i=0;i<a.length;i++)s=a[i],e.source===s.contentWindow&&(s.removeAttribute(\"style\"),\"height\"===t.message?(1e3<(r=parseInt(t.value,10))?r=1e3:~~r<200&&(r=200),s.height=r):\"link\"===t.message&&(r=new URL(s.getAttribute(\"src\")),n=new URL(t.value),c.test(n.protocol))&&n.host===r.host&&l.activeElement===s&&(d.top.location.href=t.value))}},d.addEventListener(\"message\",d.wp.receiveEmbedMessage,!1),l.addEventListener(\"DOMContentLoaded\",function(){for(var e,t,s=l.querySelectorAll(\"iframe.wp-embedded-content\"),r=0;r<s.length;r++)(t=(e=s[r]).getAttribute(\"data-secret\"))||(t=Math.random().toString(36).substring(2,12),e.src+=\"#?secret=\"+t,e.setAttribute(\"data-secret\",t)),e.contentWindow.postMessage({message:\"ready\",secret:t},\"*\")},!1)))}(window,document);\n<\/script>\n","description":"\u00c0 vos agendas ! Premi\u00e8re Vision Paris revient \u00e0 ses dates historiques : retrouvez-nous du 16 au 18 septembre 2025 pour trois jours d\u2019inspiration au c\u0153ur de l\u2019innovation mode. Cette saison, le salon met \u00e0 l\u2019honneur l\u2019innovation et la technologie et devient un hub strat\u00e9gique pour d\u00e9couvrir les tendances Automne-Hiver 26-27 et construire une mode [&hellip;]","thumbnail_url":"https:\/\/mitwilltextiles.com\/wp-content\/uploads\/2025\/04\/pv-paris.png"}

Presse &amp; événements | mitwilltextiles.com

<blockquote class="wp-embedded-content" data-secret="yfQkNiddaf"><a href="https://mitwilltextiles.com/fr/presse-evenements/">Presse &amp; événements</a></blockquote><iframe sandbox="allow-scripts" security="restricted" src="https://mitwilltextiles.com/fr/presse-evenements/embed/#?secret=yfQkNiddaf" width="600" height="338" title="« Presse &amp; événements » &#8212; mitwilltextiles.com" data-secret="yfQkNiddaf" frameborder="0" marginwidth="0" marginheight="0" scrolling="no" class="wp-embedded-content"></iframe><script>
/*! This file is auto-generated */
!function(d,l){"use strict";l.querySelector&&d.addEventListener&&"undefined"!=typeof URL&&(d.wp=d.wp||{},d.wp.receiveEmbedMessage||(d.wp.receiveEmbedMessage=function(e){var t=e.data;if((t||t.secret||t.message||t.value)&&!/[^a-zA-Z0-9]/.test(t.secret)){for(var s,r,n,a=l.querySelectorAll('iframe[data-secret="'+t.secret+'"]'),o=l.querySelectorAll('blockquote[data-secret="'+t.secret+'"]'),c=new RegExp("^https?:$","i"),i=0;i<o.length;i++)o[i].style.display="none";for(i=0;i<a.length;i++)s=a[i],e.source===s.contentWindow&&(s.removeAttribute("style"),"height"===t.message?(1e3<(r=parseInt(t.value,10))?r=1e3:~~r<200&&(r=200),s.height=r):"link"===t.message&&(r=new URL(s.getAttribute("src")),n=new URL(t.value),c.test(n.protocol))&&n.host===r.host&&l.activeElement===s&&(d.top.location.href=t.value))}},d.addEventListener("message",d.wp.receiveEmbedMessage,!1),l.addEventListener("DOMContentLoaded",function(){for(var e,t,s=l.querySelectorAll("iframe.wp-embedded-content"),r=0;r<s.length;r++)(t=(e=s[r]).getAttribute("data-secret"))||(t=Math.random().toString(36).substring(2,12),e.src+="#?secret="+t,e.setAttribute("data-secret",t)),e.contentWindow.postMessage({message:"ready",secret:t},"*")},!1)))}(window,document);
</script>

À vos agendas ! Première Vision Paris revient à ses dates historiques : retrouvez-nous du 16 au 18 septembre 2025 pour trois jours d’inspiration au cœur de l’innovation mode. Cette saison, le salon met à l’honneur l’innovation et la technologie et devient un hub stratégique pour découvrir les tendances Automne-Hiver 26-27 et construire une mode [&hellip;]
